{"id":1739,"date":"2022-07-29T10:37:50","date_gmt":"2022-07-29T10:37:50","guid":{"rendered":"http:\/\/www.greenflore.com\/?page_id=1739"},"modified":"2023-10-22T18:20:13","modified_gmt":"2023-10-22T18:20:13","slug":"tailler","status":"publish","type":"page","link":"https:\/\/www.greenflore.fr\/?page_id=1739","title":{"rendered":"Tailler \/ Elaguer"},"content":{"rendered":"<div  data-label=\"Features\" data-id=\"features--1\" data-export-id=\"features-12-card-bordered-colored\" data-category=\"features\" class=\"features-12-card-bordered-colored content-section content-section-spacing \" id=\"features-1\" style=\"background-color: rgb(255, 255, 255);\"><div  class=\"gridContainer\"><div  class=\"row text-center\"><div  class=\"section-title-col\" data-type=\"column\"> <h2  class=\"\">La taille est un art<\/h2> <p  class=\"lead\">Toutes les tailles ne se ressemblent pas.<\/p><\/div> <\/div> <div  class=\"row spaced-cols\" data-type=\"row\"> <div  class=\"col-xs-12 col-sm-6\"> <div  class=\"card row-card bottom-border-color8\"> <div  class=\"row\"> <div  class=\"col-sm-fit icon-column\"> <i  class=\"fa icon fa-leaf bordered round color9\"><\/i> <\/div> <div  class=\"col-sm\" data-type=\"column\"> <h5  class=\"color2\"><span  style=\"color: rgb(132, 167, 114);\">La taille fruiti\u00e8re<\/span><span  id=\"_mce_caret\" data-mce-bogus=\"1\" data-mce-type=\"format-caret\"><span  style=\"color: rgb(132, 167, 114);\">\ufeff<\/span><\/span><span  id=\"_mce_caret\" data-mce-bogus=\"1\" data-mce-type=\"format-caret\"><span  style=\"color: rgb(132, 167, 114);\">\ufeff<\/span><\/span><\/h5> <p  class=\"\">Qu\u2019elle soit de formation fruiti\u00e8re, d\u2019\u00e9lagage ou de fructification, la taille fruiti\u00e8re n\u00e9cessite une bonne connaissance des plantes fruiti\u00e8res. A chaque fruitier ses exigences.&nbsp;&nbsp;<\/p><\/div> <\/div><\/div> <\/div> <div  class=\"col-xs-12 col-sm-6\"> <div  class=\"card row-card bottom-border-color8\"> <div  class=\"row\"> <div  class=\"col-sm-fit icon-column\"> <i  class=\"fa icon fa-tree bordered round color9\"><\/i> <\/div> <div  class=\"col-sm\" data-type=\"column\"> <h5  class=\"color2\"><span  style=\"color: rgb(132, 167, 114);\">La taille topiaire<\/span><span  id=\"_mce_caret\" data-mce-bogus=\"1\" data-mce-type=\"format-caret\"><span  style=\"color: rgb(132, 167, 114);\">\ufeff<\/span><\/span><\/h5> <p  class=\"\">C\u2019est l\u2019art de donner une forme g\u00e9om\u00e9trique (en boule, en c\u00f4ne, en pyramide, \u2026) ou une forme humaine ou animali\u00e8re&nbsp; \u00e0 une plante. R\u00e9serv\u00e9 \u00e0 certaines plantes&nbsp;<\/p><\/div> <\/div><\/div> <\/div> <div  class=\"col-xs-12 col-sm-6\"> <div  class=\"card row-card bottom-border-color8\"> <div  class=\"row\"> <div  class=\"col-sm-fit icon-column\"> <i  class=\"fa icon fa-pagelines bordered round color9\"><\/i> <\/div> <div  class=\"col-sm\" data-type=\"column\"> <h5  class=\"color2\"><span  style=\"color: rgb(132, 167, 114);\">La taille en transparence<\/span><\/h5> <p  class=\"\">La taille en transparence cr\u00e9\u00e9e par la princesse Sturdza dans le jardin du Vasterival \u00e0 Varengeville sur mer en Normandie est une technique de taille particuli\u00e8re.&nbsp;<\/p><\/div> <\/div><\/div> <\/div> <div  class=\"col-xs-12 col-sm-6\"> <div  class=\"card row-card bottom-border-color8\"> <div  class=\"row\"> <div  class=\"col-sm-fit icon-column\"> <i  class=\"fa icon fa-envira bordered round color9\"><\/i> <\/div> <div  class=\"col-sm\" data-type=\"column\"> <h5  class=\"color2\"><span  style=\"color: rgb(132, 167, 114);\">La taille d\u2019entretien<\/span><\/h5> <p  class=\"\">Une taille d\u2019entretien doit \u00eatre r\u00e9alis\u00e9e r\u00e9guli\u00e8rement afin de d\u00e9barasser un arbre, un arbuste ou des plantes vivaces, des fleurs fann\u00e9es ou des branches g\u00e9nantes.&nbsp;<\/p><\/div> <\/div><\/div> <\/div><\/div> <\/div><\/div><div  data-label=\"Content\" data-id=\"content--1\" data-export-id=\"content-12\" data-category=\"content\" class=\"content-12 content-section content-section-spacing\" id=\"content-1\" style=\"background-color: rgb(245, 250, 253);\"><div  class=\"gridContainer\"> <div  class=\"row text-center\"><div  class=\"section-title-col\" data-type=\"column\"> <h2  class=\"\">Comment classons nous les arbres?<\/h2> <p  class=\"lead\">Cette classification nous permet de vous offrir le prix le plus juste pour l\u2019\u00e9lagage d\u2019un arbre.<\/p><\/div> <\/div> <div  class=\"row center-xs middle-xs\"> <div  class=\"col-sm-9\" data-type=\"column\"> <img  decoding=\"async\" class=\"shadow-large\" src=\"https:\/\/www.greenflore.fr\/wp-content\/uploads\/2023\/01\/Schema-de-classification-des-arbres-suivant-leurs-hauteur-Jpg-VF.jpg\" title=\"Sch\u00e9ma de classification des arbres suivant leurs hauteur Jpg VF\" alt=\"\"><\/div> <\/div><\/div> <\/div><div data-label=\"About\" data-id=\"about--1\" data-export-id=\"about-3\" data-category=\"about\" class=\"about-3 content-section content-section-spacing\" id=\"about-1\"  style=\"background-color: rgb(255, 255, 255);\"><div class=\"gridContainer\" > <div class=\"row\" ><div class=\"col-sm-6 col-padding-small-xs col-sm-padding-large bg-color5 white-text content-col\" data-type=\"column\" > <h5 class=\"\" >D\u00e9montage<\/h5> <h2 class=\"\" >D\u00e9monatge d&rsquo;un \u00e9rable&nbsp;<span href=\"#\" style=\"font-family: Playfair Display,sans-serif; font-weight: 700; font-style: italic;\" >pr\u00e8s d&rsquo;une maison<\/span> avec r\u00e9tention statique<\/h2> <p class=\"\" >La proximit\u00e9 de la maison nous obligeais \u00e0 maitriser toute les chuttes de branches, nous avons choisi de d\u00e9biter les branches en petit tron\u00e7ons et d&rsquo;utiliser la technique de la r\u00e9tention statique.<\/p><\/div> <div class=\"col-sm-6 no-gutter-col flexbox-strech center-xs middle-xs\" ><div class=\"lightbox-video dark-overlay shadow-large overlap-x-large flexbox middle-xs center-xs\" data-type=\"group\" data-bg=\"image\"  style=\"background-image: url(&quot;https:\/\/www.greenflore.fr\/wp-content\/uploads\/2023\/09\/cropped-IMG_6091-scaled-1.jpg&quot;);\"> <a data-fancybox=\"\" data-video-lightbox=\"true\" href=\"https:\/\/youtu.be\/amjc33nm0t4\" > <i data-cp-fa=\"true\" class=\"fa video-icon fa-play-circle-o color8\" ><\/i><\/a> <\/div><\/div> <\/div><\/div> <\/div>","protected":false},"excerpt":{"rendered":"<p>La taille est un art Toutes les tailles ne se ressemblent pas. La taille fruiti\u00e8re\ufeff\ufeff Qu\u2019elle soit de formation fruiti\u00e8re, d\u2019\u00e9lagage ou de fructification, la taille fruiti\u00e8re n\u00e9cessite une bonne connaissance des plantes fruiti\u00e8res. A chaque fruitier ses exigences.&nbsp;&nbsp; La taille topiaire\ufeff C\u2019est l\u2019art de donner une forme g\u00e9om\u00e9trique (en boule, en c\u00f4ne, en pyramide,&hellip; <br \/> <a class=\"read-more\" href=\"https:\/\/www.greenflore.fr\/?page_id=1739\">Lire la suite<\/a><\/p>\n","protected":false},"author":1,"featured_media":1746,"parent":0,"menu_order":0,"comment_status":"closed","ping_status":"closed","template":"pro\/page-templates\/full-width-page.php","meta":{"footnotes":""},"_links":{"self":[{"href":"https:\/\/www.greenflore.fr\/index.php?rest_route=\/wp\/v2\/pages\/1739"}],"collection":[{"href":"https:\/\/www.greenflore.fr\/index.php?rest_route=\/wp\/v2\/pages"}],"about":[{"href":"https:\/\/www.greenflore.fr\/index.php?rest_route=\/wp\/v2\/types\/page"}],"author":[{"embeddable":true,"href":"https:\/\/www.greenflore.fr\/index.php?rest_route=\/wp\/v2\/users\/1"}],"replies":[{"embeddable":true,"href":"https:\/\/www.greenflore.fr\/index.php?rest_route=%2Fwp%2Fv2%2Fcomments&post=1739"}],"version-history":[{"count":9,"href":"https:\/\/www.greenflore.fr\/index.php?rest_route=\/wp\/v2\/pages\/1739\/revisions"}],"predecessor-version":[{"id":3326,"href":"https:\/\/www.greenflore.fr\/index.php?rest_route=\/wp\/v2\/pages\/1739\/revisions\/3326"}],"wp:featuredmedia":[{"embeddable":true,"href":"https:\/\/www.greenflore.fr\/index.php?rest_route=\/wp\/v2\/media\/1746"}],"wp:attachment":[{"href":"https:\/\/www.greenflore.fr\/index.php?rest_route=%2Fwp%2Fv2%2Fmedia&parent=1739"}],"curies":[{"name":"wp","href":"https:\/\/api.w.org\/{rel}","templated":true}]}}

<div  data-label="Features" data-id="features--1" data-export-id="features-12-card-bordered-colored" data-category="features" class="features-12-card-bordered-colored content-section content-section-spacing " id="features-1" style="background-color: rgb(255, 255, 255);"><div  class="gridContainer"><div  class="row text-center"><div  class="section-title-col" data-type="column"> <h2  class="">La taille est un art</h2> <p  class="lead">Toutes les tailles ne se ressemblent pas.</p></div> </div> <div  class="row spaced-cols" data-type="row"> <div  class="col-xs-12 col-sm-6"> <div  class="card row-card bottom-border-color8"> <div  class="row"> <div  class="col-sm-fit icon-column"> <i  class="fa icon fa-leaf bordered round color9"></i> </div> <div  class="col-sm" data-type="column"> <h5  class="color2"><span  style="color: rgb(132, 167, 114);">La taille fruitière</span><span  id="_mce_caret" data-mce-bogus="1" data-mce-type="format-caret"><span  style="color: rgb(132, 167, 114);">﻿</span></span><span  id="_mce_caret" data-mce-bogus="1" data-mce-type="format-caret"><span  style="color: rgb(132, 167, 114);">﻿</span></span></h5> <p  class="">Qu’elle soit de formation fruitière, d’élagage ou de fructification, la taille fruitière nécessite une bonne connaissance des plantes fruitières. A chaque fruitier ses exigences.&nbsp;&nbsp;</p></div> </div></div> </div> <div  class="col-xs-12 col-sm-6"> <div  class="card row-card bottom-border-color8"> <div  class="row"> <div  class="col-sm-fit icon-column"> <i  class="fa icon fa-tree bordered round color9"></i> </div> <div  class="col-sm" data-type="column"> <h5  class="color2"><span  style="color: rgb(132, 167, 114);">La taille topiaire</span><span  id="_mce_caret" data-mce-bogus="1" data-mce-type="format-caret"><span  style="color: rgb(132, 167, 114);">﻿</span></span></h5> <p  class="">C’est l’art de donner une forme géométrique (en boule, en cône, en pyramide, …) ou une forme humaine ou animalière&nbsp; à une plante. Réservé à certaines plantes&nbsp;</p></div> </div></div> </div> <div  class="col-xs-12 col-sm-6"> <div  class="card row-card bottom-border-color8"> <div  class="row"> <div  class="col-sm-fit icon-column"> <i  class="fa icon fa-pagelines bordered round color9"></i> </div> <div  class="col-sm" data-type="column"> <h5  class="color2"><span  style="color: rgb(132, 167, 114);">La taille en transparence</span></h5> <p  class="">La taille en transparence créée par la princesse Sturdza dans le jardin du Vasterival à Varengeville sur mer en Normandie est une technique de taille particulière.&nbsp;</p></div> </div></div> </div> <div  class="col-xs-12 col-sm-6"> <div  class="card row-card bottom-border-color8"> <div  class="row"> <div  class="col-sm-fit icon-column"> <i  class="fa icon fa-envira bordered round color9"></i> </div> <div  class="col-sm" data-type="column"> <h5  class="color2"><span  style="color: rgb(132, 167, 114);">La taille d’entretien</span></h5> <p  class="">Une taille d’entretien doit être réalisée régulièrement afin de débarasser un arbre, un arbuste ou des plantes vivaces, des fleurs fannées ou des branches génantes.&nbsp;</p></div> </div></div> </div></div> </div></div><div  data-label="Content" data-id="content--1" data-export-id="content-12" data-category="content" class="content-12 content-section content-section-spacing" id="content-1" style="background-color: rgb(245, 250, 253);"><div  class="gridContainer"> <div  class="row text-center"><div  class="section-title-col" data-type="column"> <h2  class="">Comment classons nous les arbres?</h2> <p  class="lead">Cette classification nous permet de vous offrir le prix le plus juste pour l’élagage d’un arbre.</p></div> </div> <div  class="row center-xs middle-xs"> <div  class="col-sm-9" data-type="column"> <img  decoding="async" class="shadow-large" src="https://www.greenflore.fr/wp-content/uploads/2023/01/Schema-de-classification-des-arbres-suivant-leurs-hauteur-Jpg-VF.jpg" title="Schéma de classification des arbres suivant leurs hauteur Jpg VF" alt=""></div> </div></div> </div><div data-label="About" data-id="about--1" data-export-id="about-3" data-category="about" class="about-3 content-section content-section-spacing" id="about-1"  style="background-color: rgb(255, 255, 255);"><div class="gridContainer" > <div class="row" ><div class="col-sm-6 col-padding-small-xs col-sm-padding-large bg-color5 white-text content-col" data-type="column" > <h5 class="" >Démontage</h5> <h2 class="" >Démonatge d&rsquo;un érable&nbsp;<span href="#" style="font-family: Playfair Display,sans-serif; font-weight: 700; font-style: italic;" >près d&rsquo;une maison</span> avec rétention statique</h2> <p class="" >La proximité de la maison nous obligeais à maitriser toute les chuttes de branches, nous avons choisi de débiter les branches en petit tronçons et d&rsquo;utiliser la technique de la rétention statique.</p></div> <div class="col-sm-6 no-gutter-col flexbox-strech center-xs middle-xs" ><div class="lightbox-video dark-overlay shadow-large overlap-x-large flexbox middle-xs center-xs" data-type="group" data-bg="image"  style="background-image: url(&quot;https://www.greenflore.fr/wp-content/uploads/2023/09/cropped-IMG_6091-scaled-1.jpg&quot;);"> <a data-fancybox="" data-video-lightbox="true" href="https://youtu.be/amjc33nm0t4" > <i data-cp-fa="true" class="fa video-icon fa-play-circle-o color8" ></i></a> </div></div> </div></div> </div>

<p>La taille est un art Toutes les tailles ne se ressemblent pas. La taille fruitière﻿﻿ Qu’elle soit de formation fruitière, d’élagage ou de fructification, la taille fruitière nécessite une bonne connaissance des plantes fruitières. A chaque fruitier ses exigences.&nbsp;&nbsp; La taille topiaire﻿ C’est l’art de donner une forme géométrique (en boule, en cône, en pyramide,&hellip; <br /> <a class="read-more" href="https://www.greenflore.fr/?page_id=1739">Lire la suite</a></p>
