{"id":224,"date":"2020-02-11T23:30:18","date_gmt":"2020-02-11T23:30:18","guid":{"rendered":"http:\/\/www.greenflore.com\/?page_id=224"},"modified":"2023-01-26T20:19:07","modified_gmt":"2023-01-26T20:19:07","slug":"nos-services","status":"publish","type":"page","link":"https:\/\/www.greenflore.fr\/?page_id=224","title":{"rendered":"Nos prestations"},"content":{"rendered":"<div  data-label=\"Overlappable\" data-id=\"overlappable--1\" data-export-id=\"overlappable-4\" data-category=\"overlappable\" class=\"overlappable-4 content-section content-section-spacing\" data-overlap=\"true\" id=\"overlappable-1\" style=\"background-color: rgb(255, 255, 255);\"><div  class=\"gridContainer\"> <div  data-type=\"row\" class=\"row spaced-cols text-center\"><div  class=\"col-xs-12 col-sm-4 col-padding col-md-3 \"> <a data-cp-link=\"1\" href=\"https:\/\/www.greenflore.fr?page_id=204\" target=\"_self\" rel=\"noopener\"><i  class=\"fa icon shadow-large-black aligncenter fa-tree reverse round large color8\"><\/i><\/a> <div  data-type=\"column\" class=\"\"> <h5  class=\"\">AMENAGER<\/h5> <p  class=\"\">Nous r\u00e9alisons tout type d\u2019am\u00e9nagement. Construction paysag\u00e8re, v\u00e9g\u00e9talisation, agencement d\u2019espace, installations.<\/p><a class=\"button color20\" href=\"https:\/\/www.greenflore.fr?page_id=204\" target=\"_self\" data-cp-link=\"1\" data-icon=\"\" rel=\"noopener\">En savoir plus<\/a><\/div> <\/div> <div  class=\"col-xs-12 col-sm-4 col-padding col-md-3 \"> <i  class=\"fa icon shadow-large-black aligncenter fa-pagelines reverse round large color8\"><\/i> <div  data-type=\"column\" class=\"\"><h5  class=\"\">REMETTRE EN ETAT<\/h5> <p  class=\"\">Nous redonnons \u00e0 votre espace ext\u00e9rieur un nouveau visage, taille d\u2019entretien et de restructuration, d\u00e9frichage,&nbsp;<\/p><a class=\"button color20\" href=\"https:\/\/www.greenflore.fr?page_id=202\" target=\"_self\" data-cp-link=\"1\" data-icon=\"\" rel=\"noopener\">En savoir plus<\/a><\/div> <\/div> <div  class=\"col-xs-12 col-sm-4 col-padding col-md-3 \"> <i  class=\"fa icon shadow-large-black aligncenter fa-envira reverse round large color8\"><\/i> <div  data-type=\"column\" class=\"\"><h5  class=\"\">ENTRETENIR<\/h5> <p  class=\"\">Nous maintenons en l\u2019\u00e9tat un jardin d\u00e9ja en place, tonte, taille, nettoyage de massifs, ramassage des \n<br >feuilles, \u2026<\/p><a class=\"button color20\" href=\"https:\/\/www.greenflore.fr?page_id=2613\" target=\"_self\" data-cp-link=\"1\" data-icon=\"\" rel=\"noopener\">En savoir plus<\/a><\/div> <\/div><div  class=\"col-xs-12 col-sm-4 col-padding col-md-3 \"> <a data-cp-link=\"1\" href=\"https:\/\/www.greenflore.fr?page_id=204\" target=\"_self\" rel=\"noopener\"><i  class=\"fa icon shadow-large-black aligncenter fa-tree reverse round large color8\"><\/i><\/a> <div  data-type=\"column\" class=\"\"> <h5  class=\"\">TAILLER<\/h5> <p  class=\"\">Nous r\u00e9alisons tout type de taille, de formation, d\u2019entretien, fruiti\u00e8re, topiaire, en transparence, \n<br >d\u2019\u00e9lagage, \u2026&nbsp;<\/p><a class=\"button color20\" href=\"https:\/\/www.greenflore.fr?page_id=1739\" target=\"_self\" data-cp-link=\"1\" data-icon=\"\" rel=\"noopener\">En savoir plus<\/a><\/div> <\/div><\/div> <\/div><\/div><div  data-id=\"initial-content-section\" data-export-id=\"initial-content-section\" data-label=\"Initial Content\" id=\"initial-content-section\" class=\"content-section content-section-spacing\">\n   <div  class=\"gridContainer\">\n     <div  class=\"row\">\n\n        <div  class=\"col-xs-12 col-sm-12\">                <h1 ><strong >Nous r\u00e9alisons pour vous !<\/strong><\/h1>\n<p >&nbsp;<\/p>\n<blockquote ><p ><strong >Nous intervenons pour r\u00e9aliser tous les travaux d\u2019am\u00e9nagement et d\u2019entretien de votre jardin ou terrasse dans une dynamique \u00e9coresponsable.<br >\n<\/strong><\/p><\/blockquote>\n<p >Entretien classique type tonte, d\u00e9broussaillage, taille, entretien de haie et de massif, ainsi que l\u2019entretien de vos circulations et terrasses, ramassage de feuilles, \u2026<\/p>\n<p >Nous v\u00e9g\u00e9talisons des espaces ext\u00e9rieurs, en r\u00e9alisant l\u2019engazonnement, la cr\u00e9ation de massifs, l\u2019implantation de haies, \u2026<\/p>\n<p >Nous r\u00e9alisons des constructions paysag\u00e8res type all\u00e9e, terrasse, muret, escalier de jardin, marre et bassin, \u2026<\/p>\n<p >Nous installons du mobilier de jardin.<\/p>\n<p >Nous am\u00e9nageons des jardins de pots et l\u2019arrosage automatique.<\/p>\n<blockquote ><p ><strong >Nous am\u00e9nageons des potagers urbains.<br >\nNous vous aiderons dans la gestion du votre.<\/strong><\/p>\n<p >Nous installons des composteurs, abris \u00e0 insectes, nichoirs, abris \u00e0 h\u00e9rissons, \u2026<\/p><\/blockquote>\n<p ><strong >Parlez-nous de votre projet, nous sommes l\u00e0 pour vous accompagner !<\/strong><\/p>\n\n          <\/div>\n      <\/div>\n  <\/div>\n<\/div>","protected":false},"excerpt":{"rendered":"<p>AMENAGER Nous r\u00e9alisons tout type d\u2019am\u00e9nagement. Construction paysag\u00e8re, v\u00e9g\u00e9talisation, agencement d\u2019espace, installations.En savoir plus REMETTRE EN ETAT Nous redonnons \u00e0 votre espace ext\u00e9rieur un nouveau visage, taille d\u2019entretien et de restructuration, d\u00e9frichage,&nbsp;En savoir plus ENTRETENIR Nous maintenons en l\u2019\u00e9tat un jardin d\u00e9ja en place, tonte, taille, nettoyage de massifs, ramassage des feuilles, \u2026En savoir plus&hellip; <br \/> <a class=\"read-more\" href=\"https:\/\/www.greenflore.fr\/?page_id=224\">Lire la suite<\/a><\/p>\n","protected":false},"author":1,"featured_media":437,"parent":0,"menu_order":0,"comment_status":"closed","ping_status":"closed","template":"pro\/page-templates\/full-width-page.php","meta":{"footnotes":""},"_links":{"self":[{"href":"https:\/\/www.greenflore.fr\/index.php?rest_route=\/wp\/v2\/pages\/224"}],"collection":[{"href":"https:\/\/www.greenflore.fr\/index.php?rest_route=\/wp\/v2\/pages"}],"about":[{"href":"https:\/\/www.greenflore.fr\/index.php?rest_route=\/wp\/v2\/types\/page"}],"author":[{"embeddable":true,"href":"https:\/\/www.greenflore.fr\/index.php?rest_route=\/wp\/v2\/users\/1"}],"replies":[{"embeddable":true,"href":"https:\/\/www.greenflore.fr\/index.php?rest_route=%2Fwp%2Fv2%2Fcomments&post=224"}],"version-history":[{"count":9,"href":"https:\/\/www.greenflore.fr\/index.php?rest_route=\/wp\/v2\/pages\/224\/revisions"}],"predecessor-version":[{"id":2631,"href":"https:\/\/www.greenflore.fr\/index.php?rest_route=\/wp\/v2\/pages\/224\/revisions\/2631"}],"wp:featuredmedia":[{"embeddable":true,"href":"https:\/\/www.greenflore.fr\/index.php?rest_route=\/wp\/v2\/media\/437"}],"wp:attachment":[{"href":"https:\/\/www.greenflore.fr\/index.php?rest_route=%2Fwp%2Fv2%2Fmedia&parent=224"}],"curies":[{"name":"wp","href":"https:\/\/api.w.org\/{rel}","templated":true}]}}