{"id":244,"date":"2020-02-11T23:35:20","date_gmt":"2020-02-11T23:35:20","guid":{"rendered":"http:\/\/www.greenflore.com\/?page_id=244"},"modified":"2020-03-01T12:05:13","modified_gmt":"2020-03-01T12:05:13","slug":"qui-sommes-nous","status":"publish","type":"page","link":"https:\/\/www.greenflore.fr\/?page_id=244","title":{"rendered":"Qui sommes nous?"},"content":{"rendered":"<p>Greenflore.fr est g\u00e9r\u00e9 par la soci\u00e9t\u00e9 GREENFLORE\u00ae SAS.<\/p>\n<p>GREENFLORE\u00ae est une soci\u00e9t\u00e9 d\u2019espaces verts sp\u00e9cialis\u00e9e dans l\u2019am\u00e9nagement et l\u2019entretien de jardins \u00e9co-responsables.<\/p>\n<p>Notre d\u00e9marche qualit\u00e9 \u00e9cosyst\u00e9mique nous a amen\u00e9 \u00e0 mettre en place des pratiques, des techniques et des savoirs faire respectueux de l\u2019environnement.<\/p>\n<p>Greenflore\u00ae est une entreprise tourn\u00e9e principalement vers vous, son objectif est de prendre en compte vos souhaits pour vous offrir le plus beau jardin.<\/p>\n<p>Greenflore\u00ae vous accompagne tout au long de votre projet.<\/p>\n<p>Parce que vous \u00eates tous diff\u00e9rents,<\/p>\n<p><img decoding=\"async\" class=\"alignnone wp-image-400\" src=\"https:\/\/www.greenflore.fr\/wp-content\/uploads\/2020\/02\/Laurent-MARIA-r\u00e9duit-02-300x300.png\" alt=\"\" width=\"184\" height=\"186\" \/><\/p>\n<p><strong>Laurent MARIA<\/strong><\/p>\n<p>Fondateur de Greenflore\u00ae<\/p>\n<p>&nbsp;<\/p>\n<h1><strong>Enjeux et perspectives.<\/strong><\/h1>\n<p class=\"font8\">Nous avons cr\u00e9\u00e9\u00a0 GREENFLORE\u00ae pour r\u00e9pondre aux nouveaux besoins des utilisateurs de jardins et aux nouveaux\u00a0enjeux li\u00e9s au monde du vivant.<\/p>\n<p>Deux fa\u00e7ons d\u2019envisager le jardin\u00a0:<\/p>\n<ul>\n<li>La m\u00e9thode intensive qui puise de mani\u00e8re incontr\u00f4l\u00e9e les ressources du sol, fragilisant les plantes et condamnant ainsi certains jardiniers, arm\u00e9s de machines polluantes et de produits dangereux, \u00e0 partir en guerre contre le jardin et ses composants.<\/li>\n<li>La m\u00e9thode douce qui compose harmonieusement avec le jardin, les plantes, le sol et la faune, prot\u00e9geant ainsi l\u2019\u00e9cosyst\u00e8me.<\/li>\n<\/ul>\n<p>C\u2019est cette derni\u00e8re que nous utilisons chez GREENFLORE\u00ae.<\/p>\n<p>&nbsp;<\/p>\n<blockquote><p><strong>Chez GREENFLORE\u00ae nous devrons composer entre vos d\u00e9sirs et la gestion raisonn\u00e9e des espaces v\u00e9g\u00e9talis\u00e9s.<br \/>\n<\/strong><\/p><\/blockquote>\n<p><strong><br \/>\nN\u2019attendons pas demain pour agir\u00a0!<\/strong><\/p>\n<p>&nbsp;<\/p>\n<p>Chez GREENFLORE\u00ae,<\/p>\n<ul>\n<li>Nous am\u00e9nageons et entretenons vos espaces verts en d\u00e9veloppant des techniques \u00e9co-responsables.<\/li>\n<\/ul>\n<ul>\n<li>Nous vous conseillons sur la gestion \u00e9cologique de votre jardin ou de votre terrasse.<\/li>\n<\/ul>\n<ul>\n<li>Nous vous proposons un service d\u2019accompagnement et de formation pour que vous r\u00e9alisiez vous-m\u00eame les travaux.<\/li>\n<\/ul>\n<p>Ces formations de courte dur\u00e9e,\u00a0personnalis\u00e9es et \u00e0 domicile vous permettront d&rsquo;am\u00e9nager et d&rsquo;entretenir votre jardin ou terrasse.<\/p>\n<blockquote><p><strong>Le r\u00e9chauffement climatique tant annonc\u00e9 montre ses effets\u00a0en\u00a0perturbant\u00a0les\u00a0\u00e9cosyst\u00e8mes, des insectes ravageurs des plantes\u00a0migrent\u00a0vers le nord (chenilles processionnaires du pin), de nouvelles plantes invasives font leur apparition dans nos territoires (renou\u00e9e du japon).<br \/>\n<\/strong><\/p><\/blockquote>\n<p>Nous mettons en place des r\u00e9flexions qui nous permettent d&rsquo;aborder tous ces virages avec prudence.<\/p>\n<ul>\n<li>Nous sommes engag\u00e9s dans la formation professionnelle agricole en participant \u00e0 des jurys d&rsquo;examens, et \u00e0 des groupes de travail dans l&rsquo;\u00e9laboration des r\u00e9f\u00e9rentiels professionnels.<\/li>\n<li>Nous mettons en place r\u00e9guli\u00e8rement des campagnes de test sur des nouvelles techniques paysag\u00e8res et des nouveaux v\u00e9g\u00e9taux.<\/li>\n<li>Nous suivons avec attention toutes les innovations qui nous semblent fiables dans ce domaine.<\/li>\n<\/ul>\n","protected":false},"excerpt":{"rendered":"<p>Greenflore.fr est g\u00e9r\u00e9 par la soci\u00e9t\u00e9 GREENFLORE\u00ae SAS. GREENFLORE\u00ae est une soci\u00e9t\u00e9 d\u2019espaces verts sp\u00e9cialis\u00e9e dans l\u2019am\u00e9nagement et l\u2019entretien de jardins \u00e9co-responsables. Notre d\u00e9marche qualit\u00e9 \u00e9cosyst\u00e9mique nous a amen\u00e9 \u00e0 mettre en place des pratiques, des techniques et des savoirs faire respectueux de l\u2019environnement. Greenflore\u00ae est une entreprise tourn\u00e9e principalement vers vous, son objectif est&hellip; <br \/> <a class=\"read-more\" href=\"https:\/\/www.greenflore.fr\/?page_id=244\">Lire la suite<\/a><\/p>\n","protected":false},"author":1,"featured_media":495,"parent":0,"menu_order":0,"comment_status":"closed","ping_status":"closed","template":"","meta":{"footnotes":""},"_links":{"self":[{"href":"https:\/\/www.greenflore.fr\/index.php?rest_route=\/wp\/v2\/pages\/244"}],"collection":[{"href":"https:\/\/www.greenflore.fr\/index.php?rest_route=\/wp\/v2\/pages"}],"about":[{"href":"https:\/\/www.greenflore.fr\/index.php?rest_route=\/wp\/v2\/types\/page"}],"author":[{"embeddable":true,"href":"https:\/\/www.greenflore.fr\/index.php?rest_route=\/wp\/v2\/users\/1"}],"replies":[{"embeddable":true,"href":"https:\/\/www.greenflore.fr\/index.php?rest_route=%2Fwp%2Fv2%2Fcomments&post=244"}],"version-history":[{"count":6,"href":"https:\/\/www.greenflore.fr\/index.php?rest_route=\/wp\/v2\/pages\/244\/revisions"}],"predecessor-version":[{"id":518,"href":"https:\/\/www.greenflore.fr\/index.php?rest_route=\/wp\/v2\/pages\/244\/revisions\/518"}],"wp:featuredmedia":[{"embeddable":true,"href":"https:\/\/www.greenflore.fr\/index.php?rest_route=\/wp\/v2\/media\/495"}],"wp:attachment":[{"href":"https:\/\/www.greenflore.fr\/index.php?rest_route=%2Fwp%2Fv2%2Fmedia&parent=244"}],"curies":[{"name":"wp","href":"https:\/\/api.w.org\/{rel}","templated":true}]}}