{"id":2613,"date":"2023-01-25T00:30:43","date_gmt":"2023-01-25T00:30:43","guid":{"rendered":"http:\/\/www.greenflore.com\/?page_id=2613"},"modified":"2023-01-25T01:28:57","modified_gmt":"2023-01-25T01:28:57","slug":"entretenir-un-jardin","status":"publish","type":"page","link":"https:\/\/www.greenflore.fr\/?page_id=2613","title":{"rendered":"Entretenir un jardin"},"content":{"rendered":"<div  data-label=\"Overlappable\" data-id=\"overlappable--1\" data-export-id=\"overlappable-1\" data-category=\"overlappable\" class=\"overlappable-1 content-section content-section-spacing\" data-overlap=\"true\" id=\"overlappable-1\" style=\"background-color: rgb(255, 255, 255);\"><div  class=\"gridContainer\"> <div  data-type=\"row\" class=\"row shadow-medium\"><div  data-type=\"column\" class=\"col-xs-12 col-sm-4 flexcol col-padding col-padding-small-xs bg-color15\"> <i  class=\"fa icon fa-chain-broken color10\"><\/i> <h5  class=\"\">AUCUN ENGAGEMENT<\/h5> <p  class=\"\">Tous nos contrats d\u2019entretien sont sans engagement, vous pouvez r\u00e9silier quand vous voulez.<\/p> <a class=\"button big color20\" href=\"https:\/\/www.greenflore.fr?page_id=2482\" target=\"_blank\" data-cp-link=\"1\" data-icon=\"\" rel=\"noopener\">SIMULATEUR CONTRAT D\u2019ENTRETIEN<\/a><\/div> <div  data-type=\"column\" class=\"col-xs-12 col-sm-4 flexcol col-padding col-padding-small-xs inverted bg-color8\"><i  class=\"fa icon white fa-cut color10\"><\/i> <h5  class=\"inverted\">MOITIE PRIX<\/h5> <p  class=\"\">Vous souhaitez une intervention suppl\u00e9menatire entre deux passages, celle-ci vous sera factur\u00e9e \u00e0 moiti\u00e9 prix.<\/p> <\/div> <div  data-type=\"column\" class=\"col-xs-12 col-sm-4 flexcol col-padding col-padding-small-xs inverted bg-color9\"><i  class=\"fa icon fa-thumbs-o-up color10\"><\/i> <h5  class=\"inverted\">DU COUP PAR COUP<\/h5> <p  class=\"\">Vous ne souhaitez pas de contrat, aucun probl\u00e8me, ont peut intervenir \u00e0 la demande pour 1\/2 journ\u00e9e ou 1 journ\u00e9e.<\/p> <\/div> <\/div><\/div> <\/div><div  data-label=\"Features\" data-id=\"features--1\" data-export-id=\"features-13-card-bordered\" data-category=\"features\" class=\"features-13 content-section content-section-spacing\" id=\"features-1\" style=\"background-color: rgb(245, 250, 253);\"><div  class=\"gridContainer\"> <div  class=\"row text-center\"><div  class=\"section-title-col\" data-type=\"column\"> <h2  class=\"\">Un contrat d\u2019entretien \u00e0 l\u2019ann\u00e9e pour votre jardin.<\/h2> <p  class=\"lead\">Pour profiter pleinement de votre jardin, nous vous proposons 4 formules suivant vos d\u00e9sirs.\n<br >Les contrarts d\u00e9butent en f\u00e9vrier avant le d\u00e9part de la v\u00e9g\u00e9tation.&nbsp;<\/p><a class=\"button color20\" href=\"https:\/\/www.greenflore.fr?page_id=2482\" target=\"_blank\" data-cp-link=\"1\" data-icon=\"\" rel=\"noopener\">SIMULATEUR CONTRAT D\u2019ENTRETIEN<\/a><\/div> <\/div> <div  class=\"row spaced-cols content-center-sm\" data-type=\"row\"> <div  class=\"col-sm-4 col-md-3 \"> <div  class=\"card bordered y-move\" data-type=\"column\">  <h4  class=\"\">ACCES<\/h4> <p  class=\"\" style=\"text-align: center;\"><span  style=\"font-weight: 400; font-family: &quot;Open Sans&quot;, arial, helvetica, sans-serif;\">L\u2019entr\u00e9e de gamme avec 4 visites par an. En mars, en juin, en septembre et en d\u00e9cembre. On vous laisse g\u00e9rer le reste.&nbsp;<\/span><\/p> <\/div> <\/div> <div  class=\"col-sm-4 col-md-3 \"> <div  class=\"card bordered y-move\" data-type=\"column\">  <h4  class=\"\">ZEN<\/h4> <p  class=\"\">La formule avec 6 visites par an d\u2019avril \u00e0 septembre, ou 1 intervention tous les 2 mois. Une formule tout en libert\u00e9e.&nbsp;<\/p> <\/div> <\/div> <div  class=\"col-sm-4 col-md-3 \"> <div  class=\"card bordered y-move\" data-type=\"column\">  <h4  class=\"\">ELEGANCE<\/h4> <p  class=\"\">Une formule avec 8 visites par an de mars jusqu\u2019en octobre. La formule \u00e9l\u00e9gante est un bon compromis pour le jardin.&nbsp;<\/p> <\/div> <\/div><div  class=\"col-sm-4 col-md-3 \"> <div  class=\"card bordered y-move\" data-type=\"column\">  <h4  class=\"\">PRESTIGE<\/h4> <p  class=\"\">C\u2019est la plus demand\u00e9e, une formule avec 12 visites par an, soit 1 visite par mois, c\u2019est la tranquilit\u00e9 assur\u00e9e.<\/p> <\/div> <\/div><\/div> <\/div><\/div><div  data-label=\"Content\" data-id=\"content--1\" data-export-id=\"content-3\" data-category=\"content\" class=\"content-3 content-section content-section-spacing\" id=\"content-1\" style=\"background-color: rgb(255, 255, 255);\"><div > <div  class=\"row middle-xs\"><div  class=\"col-sm-7 full-col-left-padding full-col-right-padding\"> <div  class=\"row\"><div  data-type=\"column\" class=\"space-bottom-small content-title-col\"> <h5  class=\"\">REMETTRE EN ETAT UN JARDIN<\/h5> <h2  class=\"\">La solution adapt\u00e9e \u00e0 votre jardin.<\/h2> <p  class=\"\">Nous vous proposons une remise en \u00e9tat ponctuelle de votre jardin. Cette op\u00e9ration consiste \u00e0 tondre la pelouse, tailler les haies et les arbustes, nettoyer les massifs et les all\u00e9es parce que \u2026<\/p><\/div> <\/div> <div  class=\"row spaced-cols\" data-type=\"row\"> <div  class=\"col-xs-6\" data-type=\"column\"> <h5  class=\"\">LE TEMPS QUI PASSE<\/h5> <p  class=\"\">Vous n\u2019avez pas vu le temps pass\u00e9.<\/p><\/div> <div  class=\"col-xs-6\" data-type=\"column\"><h5  class=\"\">L\u2019ELOIGNEMENT<\/h5> <p  class=\"\">Vous avez \u00e9t\u00e9 \u00e9loign\u00e9 de votre jardin durant quelques temps.<\/p><\/div> <div  class=\"col-xs-6\" data-type=\"column\"><h5  class=\"\">LA LIBERTE<\/h5> <p  class=\"\">Vous avez \u00e9t\u00e9 surpris de voir un jour votre jardin \u00ab&nbsp;partir en libert\u00e9&nbsp;\u00bb<\/p><\/div> <div  class=\"col-xs-6\" data-type=\"column\"><h5  class=\"\">LA VENTE<\/h5> <p  class=\"\">Vous souhaitez vendre votre maison et faire bonne impression du jardin.<\/p><\/div> <\/div><\/div> <div  class=\"col-sm-5 bg-image shadow-large-black revert-classes-holder\" data-bg=\"image\" style=\"background-image: url(&quot;https:\/\/www.greenflore.fr\/wp-content\/uploads\/2020\/03\/cropped-DSC_1011-scaled-1.jpg&quot;);\"><\/div><\/div> <\/div><\/div><div  data-label=\"Cta\" data-id=\"cta--1\" data-export-id=\"cta-centered-section-grid\" data-category=\"cta\" class=\"cta-centered-section-grid content-section content-section-spacing-medium bg-color1 white-text\" id=\"cta-1\" style=\"background-size: cover; background-position: center top; background-image: url(&quot;https:\/\/www.greenflore.fr\/wp-content\/uploads\/2020\/02\/cropped-cosmos-scaled-2.jpg&quot;);\" data-section-ov=\"1\"><div  class=\"gridContainer\"> <div  class=\"row text-center\"><div  class=\"col-xs-12 col-sm-10 col-sm-offset-1 col-md-8 col-md-offset-2\" data-type=\"column\"> <h2  class=\"\">Contactez-nous au 01 70 95 54 50<\/h2>  <a class=\"button color22\" href=\"https:\/\/www.greenflore.fr?page_id=14\" target=\"_blank\" data-cp-link=\"1\" data-icon=\"\" rel=\"noopener\">FORMULAIRE DE CONTACT<\/a><a class=\"button color22\" href=\"https:\/\/www.greenflore.fr?page_id=2482\" target=\"_blank\" data-cp-link=\"1\" data-icon=\"\" rel=\"noopener\">SIMULATEUR ENTRETIEN<\/a><\/div> <\/div><\/div> <\/div>","protected":false},"excerpt":{"rendered":"<p>AUCUN ENGAGEMENT Tous nos contrats d\u2019entretien sont sans engagement, vous pouvez r\u00e9silier quand vous voulez. SIMULATEUR CONTRAT D\u2019ENTRETIEN MOITIE PRIX Vous souhaitez une intervention suppl\u00e9menatire entre deux passages, celle-ci vous sera factur\u00e9e \u00e0 moiti\u00e9 prix. DU COUP PAR COUP Vous ne souhaitez pas de contrat, aucun probl\u00e8me, ont peut intervenir \u00e0 la demande pour 1\/2&hellip; <br \/> <a class=\"read-more\" href=\"https:\/\/www.greenflore.fr\/?page_id=2613\">Lire la suite<\/a><\/p>\n","protected":false},"author":1,"featured_media":795,"parent":0,"menu_order":0,"comment_status":"closed","ping_status":"closed","template":"pro\/page-templates\/full-width-page.php","meta":{"footnotes":""},"_links":{"self":[{"href":"https:\/\/www.greenflore.fr\/index.php?rest_route=\/wp\/v2\/pages\/2613"}],"collection":[{"href":"https:\/\/www.greenflore.fr\/index.php?rest_route=\/wp\/v2\/pages"}],"about":[{"href":"https:\/\/www.greenflore.fr\/index.php?rest_route=\/wp\/v2\/types\/page"}],"author":[{"embeddable":true,"href":"https:\/\/www.greenflore.fr\/index.php?rest_route=\/wp\/v2\/users\/1"}],"replies":[{"embeddable":true,"href":"https:\/\/www.greenflore.fr\/index.php?rest_route=%2Fwp%2Fv2%2Fcomments&post=2613"}],"version-history":[{"count":6,"href":"https:\/\/www.greenflore.fr\/index.php?rest_route=\/wp\/v2\/pages\/2613\/revisions"}],"predecessor-version":[{"id":2626,"href":"https:\/\/www.greenflore.fr\/index.php?rest_route=\/wp\/v2\/pages\/2613\/revisions\/2626"}],"wp:featuredmedia":[{"embeddable":true,"href":"https:\/\/www.greenflore.fr\/index.php?rest_route=\/wp\/v2\/media\/795"}],"wp:attachment":[{"href":"https:\/\/www.greenflore.fr\/index.php?rest_route=%2Fwp%2Fv2%2Fmedia&parent=2613"}],"curies":[{"name":"wp","href":"https:\/\/api.w.org\/{rel}","templated":true}]}}